{"id":237,"date":"2019-11-15T12:52:22","date_gmt":"2019-11-15T15:52:22","guid":{"rendered":"https:\/\/twistercolors.com.br\/loja\/produto\/fita-para-isolamento-de-poliester-amarela-957-adere\/"},"modified":"2019-11-15T12:52:22","modified_gmt":"2019-11-15T15:52:22","slug":"fita-para-isolamento-de-poliester-amarela-957-adere","status":"publish","type":"product","link":"https:\/\/twistercolors.com.br\/loja\/produto\/fita-para-isolamento-de-poliester-amarela-957-adere\/","title":{"rendered":"Fita Para Isolamento de Poli\u00e9ster Amarela 957 Adere"},"content":{"rendered":"<p>Fita Para Isolamento de Poli\u00e9ster Amarela 957     Filme de Poli\u00e9ster de 0,030mm, na cor amarela, e adesivo acr\u00edlico.             Aplica\u00e7\u00e3o         Ideal para isolamento el\u00e9trico em condensadores el\u00e9tricos, isolamento entre fases e camadas intermedi\u00e1rias no enrolamento de motores, rel\u00e9s, capacitores, transformadores, bobinas, no-breaks, prote\u00e7\u00e3o de condutores e outros. Para informa\u00e7\u00f5es sobre o descarte do produto Clique Aqui!                 Mercados                                      Linha Branca e Refrigera\u00e7\u00e3o Comercial                                          Cadastre-se e compre<\/p>\n<p>Marca Adere<\/p>\n","protected":false},"excerpt":{"rendered":"<p>Fita Para Isolamento de Poli\u00e9ster Amarela 957<br \/>\n    Filme de Poli\u00e9ster de 0,030mm, na cor amarela, e adesivo acr\u00edlico.<br \/>\n            Aplica\u00e7\u00e3o<br \/>\n        Ideal para isolamento el\u00e9trico em condensadores el\u00e9tricos, isolamento entre fases e camadas intermedi\u00e1rias no enrolamento de motores, rel\u00e9s, capacitores, transformadores, bobinas, no-breaks, prote\u00e7\u00e3o de condutores e outros.<br \/>\nPara informa\u00e7\u00f5es sobre o descarte do produto Clique Aqui!<br \/>\n                Mercados<\/p>\n<p>                            Linha Branca e Refrigera\u00e7\u00e3o Comercial<\/p>\n<p>                    Cadastre-se e compre<\/p>\n","protected":false},"featured_media":238,"comment_status":"closed","ping_status":"open","template":"","meta":{"om_disable_all_campaigns":false,"_exactmetrics_skip_tracking":false,"_exactmetrics_sitenote_active":false,"_exactmetrics_sitenote_note":"","_exactmetrics_sitenote_category":0,"_monsterinsights_skip_tracking":false,"_monsterinsights_sitenote_active":false,"_monsterinsights_sitenote_note":"","_monsterinsights_sitenote_category":0},"product_cat":[19,167,166,31,20],"product_tag":[],"aioseo_notices":[],"_links":{"self":[{"href":"https:\/\/twistercolors.com.br\/loja\/wp-json\/wp\/v2\/product\/237"}],"collection":[{"href":"https:\/\/twistercolors.com.br\/loja\/wp-json\/wp\/v2\/product"}],"about":[{"href":"https:\/\/twistercolors.com.br\/loja\/wp-json\/wp\/v2\/types\/product"}],"replies":[{"embeddable":true,"href":"https:\/\/twistercolors.com.br\/loja\/wp-json\/wp\/v2\/comments?post=237"}],"wp:featuredmedia":[{"embeddable":true,"href":"https:\/\/twistercolors.com.br\/loja\/wp-json\/wp\/v2\/media\/238"}],"wp:attachment":[{"href":"https:\/\/twistercolors.com.br\/loja\/wp-json\/wp\/v2\/media?parent=237"}],"wp:term":[{"taxonomy":"product_cat","embeddable":true,"href":"https:\/\/twistercolors.com.br\/loja\/wp-json\/wp\/v2\/product_cat?post=237"},{"taxonomy":"product_tag","embeddable":true,"href":"https:\/\/twistercolors.com.br\/loja\/wp-json\/wp\/v2\/product_tag?post=237"}],"curies":[{"name":"wp","href":"https:\/\/api.w.org\/{rel}","templated":true}]}}