{"id":52,"date":"2019-11-15T12:50:21","date_gmt":"2019-11-15T15:50:21","guid":{"rendered":"https:\/\/twistercolors.com.br\/loja\/produto\/feltro-autoadesivo-fe300r-adere\/"},"modified":"2019-11-15T12:50:21","modified_gmt":"2019-11-15T15:50:21","slug":"feltro-autoadesivo-fe300r-adere","status":"publish","type":"product","link":"https:\/\/twistercolors.com.br\/loja\/produto\/feltro-autoadesivo-fe300r-adere\/","title":{"rendered":"Feltro Autoadesivo FE300R Adere"},"content":{"rendered":"<p>Feltro Autoadesivo FE300R     O feltro autoadesivo FE300R possui colora\u00e7\u00e3o escura e \u00e9 composto por adesivo sint\u00e9tico. Possui excelente ades\u00e3o em diversas superf\u00edcies e \u00e9 a melhor solu\u00e7\u00e3o para prote\u00e7\u00e3o em pisos e m\u00f3veis contra riscos, batidas ou deslizamentos causados pela movimenta\u00e7\u00e3o em ambientes internos.\u00a0             Aplica\u00e7\u00e3o         Ideal para aplica\u00e7\u00e3o em m\u00f3veis leves e proteger pisos delicados em ambientes internos e evitar deslizamentos, riscos ou batidas ocasionadas pela movimenta\u00e7\u00e3o dos m\u00f3veis. \u00a0Excelente ades\u00e3o em diversas superf\u00edcies. \u00a0 Orienta\u00e7\u00f5es de Uso: Limpar a superf\u00edcie de aplica\u00e7\u00e3o do Feltro com \u00e1lcool, removendo toda a poeira e oleosidade. Deixar secar; Retirar o papel protetor do Feltro sem tocar no adesivo; Colocar o adesivo na superf\u00edcie diretamente em sua posi\u00e7\u00e3o definitiva; Pressionar o Feltro de maneira uniforme por alguns segundos. \u00a0 Para informa\u00e7\u00f5es sobre o descarte do produto Clique Aqui!                 Mercados                                      Constru\u00e7\u00e3o e Manuten\u00e7\u00e3o                             Supermercados e Papelarias                                          Cadastre-se e compre<\/p>\n<p>Marca Adere<\/p>\n","protected":false},"excerpt":{"rendered":"<p>Feltro Autoadesivo FE300R<br \/>\n    O feltro autoadesivo FE300R possui colora\u00e7\u00e3o escura e \u00e9 composto por adesivo sint\u00e9tico. Possui excelente ades\u00e3o em diversas superf\u00edcies e \u00e9 a melhor solu\u00e7\u00e3o para prote\u00e7\u00e3o em pisos e m\u00f3veis contra riscos, batidas ou deslizamentos causados pela movimenta\u00e7\u00e3o em ambientes internos.\u00a0<br \/>\n            Aplica\u00e7\u00e3o<br \/>\n        Ideal para aplica\u00e7\u00e3o em m\u00f3veis leves e proteger pisos delicados em ambientes internos e evitar deslizamentos, riscos ou batidas ocasionadas pela movimenta\u00e7\u00e3o dos m\u00f3veis. \u00a0Excelente ades\u00e3o em diversas superf\u00edcies.<br \/>\n\u00a0<br \/>\nOrienta\u00e7\u00f5es de Uso:<br \/>\nLimpar a superf\u00edcie de aplica\u00e7\u00e3o do Feltro com \u00e1lcool, removendo toda a poeira e oleosidade. Deixar secar;<br \/>\nRetirar o papel protetor do Feltro sem tocar no adesivo;<br \/>\nColocar o adesivo na superf\u00edcie diretamente em sua posi\u00e7\u00e3o definitiva;<br \/>\nPressionar o Feltro de maneira uniforme por alguns segundos.<br \/>\n\u00a0<br \/>\nPara informa\u00e7\u00f5es sobre o descarte do produto Clique Aqui!<br \/>\n                Mercados<\/p>\n<p>                            Constru\u00e7\u00e3o e Manuten\u00e7\u00e3o<br \/>\n                            Supermercados e Papelarias<\/p>\n<p>                    Cadastre-se e compre<\/p>\n","protected":false},"featured_media":53,"comment_status":"closed","ping_status":"open","template":"","meta":{"om_disable_all_campaigns":false,"_exactmetrics_skip_tracking":false,"_exactmetrics_sitenote_active":false,"_exactmetrics_sitenote_note":"","_exactmetrics_sitenote_category":0,"_monsterinsights_skip_tracking":false,"_monsterinsights_sitenote_active":false,"_monsterinsights_sitenote_note":"","_monsterinsights_sitenote_category":0},"product_cat":[19,42,39,40,20],"product_tag":[],"aioseo_notices":[],"_links":{"self":[{"href":"https:\/\/twistercolors.com.br\/loja\/wp-json\/wp\/v2\/product\/52"}],"collection":[{"href":"https:\/\/twistercolors.com.br\/loja\/wp-json\/wp\/v2\/product"}],"about":[{"href":"https:\/\/twistercolors.com.br\/loja\/wp-json\/wp\/v2\/types\/product"}],"replies":[{"embeddable":true,"href":"https:\/\/twistercolors.com.br\/loja\/wp-json\/wp\/v2\/comments?post=52"}],"wp:featuredmedia":[{"embeddable":true,"href":"https:\/\/twistercolors.com.br\/loja\/wp-json\/wp\/v2\/media\/53"}],"wp:attachment":[{"href":"https:\/\/twistercolors.com.br\/loja\/wp-json\/wp\/v2\/media?parent=52"}],"wp:term":[{"taxonomy":"product_cat","embeddable":true,"href":"https:\/\/twistercolors.com.br\/loja\/wp-json\/wp\/v2\/product_cat?post=52"},{"taxonomy":"product_tag","embeddable":true,"href":"https:\/\/twistercolors.com.br\/loja\/wp-json\/wp\/v2\/product_tag?post=52"}],"curies":[{"name":"wp","href":"https:\/\/api.w.org\/{rel}","templated":true}]}}